{"id":151,"date":"2012-12-03T11:42:53","date_gmt":"2012-12-03T10:42:53","guid":{"rendered":"http:\/\/www.symablog.de\/blog\/?page_id=151"},"modified":"2016-12-29T10:57:25","modified_gmt":"2016-12-29T09:57:25","slug":"sven-halm","status":"publish","type":"page","link":"https:\/\/www.symablog.de\/blog\/team\/sven-halm\/","title":{"rendered":"Sven Halm"},"content":{"rendered":"<p><a href=\"http:\/\/www.symablog.de\/blog\/wp-content\/uploads\/ha_web.jpg\"><img loading=\"lazy\" decoding=\"async\" class=\" wp-image-830 alignleft\" src=\"http:\/\/www.symablog.de\/blog\/wp-content\/uploads\/ha_web.jpg\" alt=\"Sven Halm\" width=\"180\" height=\"180\" srcset=\"https:\/\/www.symablog.de\/blog\/wp-content\/uploads\/ha_web.jpg 300w, https:\/\/www.symablog.de\/blog\/wp-content\/uploads\/ha_web-150x150.jpg 150w\" sizes=\"(max-width: 180px) 100vw, 180px\" \/><\/a>In meiner langj\u00e4hrigen T\u00e4tigkeit (seit 1997) als Windows Systemadministrator, sind mir bereits viele Aufgaben Rund um die Windows Systemadministration, System Management usw. anvertraut worden.<\/p>\n<p>In der Linux-Administration (Suse, Ubuntu) bin ich ebenfalls t\u00e4tig.<\/p>\n<p>&nbsp;<\/p>\n<p>Zu meinen haupts\u00e4chlichen Themengebieten geh\u00f6ren:<\/p>\n<ul>\n<li>Windows Server NT\/2000\/2003\/2008\/2012\/2016 (R2, sofern vorhanden)<\/li>\n<li>PowerShell<\/li>\n<li>Terminalserver (inkl. Citrix)<\/li>\n<li>Active Directory (seit der Einf\u00fchrung)<\/li>\n<li>Quest Active Roles Server<\/li>\n<li>Server-Security<\/li>\n<li>Virtualisierung (VMware, Hyper-V)<\/li>\n<li>VDI (Citrix und VMware)<\/li>\n<li>Datensicherung (IBM TSM, HP Data Protector, Networker)<\/li>\n<li>Webhosting (Linux Webserver mit Apache\/NGINX, PHP, MySQL)<\/li>\n<li>Microsoft SharePoint<\/li>\n<li>Microsoft System Center<\/li>\n<li>VMware Zimbra (Groupwarel\u00f6sung)<\/li>\n<li>u.v.m.<\/li>\n<\/ul>\n<p>Falls noch weitere Fragen sind, k\u00f6nnen diese einfach mittels Kommentar gestellt werden.<\/p>\n<p>Vielen Dank an Stephan f\u00fcr die Idee zu diesem Blog \ud83d\ude42<\/p>\n","protected":false},"excerpt":{"rendered":"<p>In meiner langj\u00e4hrigen T\u00e4tigkeit (seit 1997) als Windows Systemadministrator, sind mir bereits viele Aufgaben Rund um die Windows Systemadministration, System Management usw. anvertraut worden. In der Linux-Administration (Suse, Ubuntu) bin ich ebenfalls t\u00e4tig. &nbsp; Zu meinen haupts\u00e4chlichen Themengebieten geh\u00f6ren: Windows &hellip; <a class=\"more-link\" href=\"https:\/\/www.symablog.de\/blog\/team\/sven-halm\/\">Weiterlesen <span class=\"meta-nav\">&rarr;<\/span><\/a><\/p>\n","protected":false},"author":3,"featured_media":0,"parent":156,"menu_order":2,"comment_status":"closed","ping_status":"open","template":"","meta":{"jetpack_post_was_ever_published":false,"footnotes":""},"class_list":["post-151","page","type-page","status-publish","hentry"],"jetpack_sharing_enabled":true,"jetpack_shortlink":"https:\/\/wp.me\/P37Rzq-2r","_links":{"self":[{"href":"https:\/\/www.symablog.de\/blog\/wp-json\/wp\/v2\/pages\/151"}],"collection":[{"href":"https:\/\/www.symablog.de\/blog\/wp-json\/wp\/v2\/pages"}],"about":[{"href":"https:\/\/www.symablog.de\/blog\/wp-json\/wp\/v2\/types\/page"}],"author":[{"embeddable":true,"href":"https:\/\/www.symablog.de\/blog\/wp-json\/wp\/v2\/users\/3"}],"replies":[{"embeddable":true,"href":"https:\/\/www.symablog.de\/blog\/wp-json\/wp\/v2\/comments?post=151"}],"version-history":[{"count":11,"href":"https:\/\/www.symablog.de\/blog\/wp-json\/wp\/v2\/pages\/151\/revisions"}],"predecessor-version":[{"id":1147,"href":"https:\/\/www.symablog.de\/blog\/wp-json\/wp\/v2\/pages\/151\/revisions\/1147"}],"up":[{"embeddable":true,"href":"https:\/\/www.symablog.de\/blog\/wp-json\/wp\/v2\/pages\/156"}],"wp:attachment":[{"href":"https:\/\/www.symablog.de\/blog\/wp-json\/wp\/v2\/media?parent=151"}],"curies":[{"name":"wp","href":"https:\/\/api.w.org\/{rel}","templated":true}]}}